of 102858397.
8101, 12697
What are the prime factors of 370365995?
5, 17, 4357247
List the prime factors of 244555819.
244555819
What are the prime factors of 861715860?
2, 3, 5, 29, 41, 47, 257
List the prime factors of 90279373.
90279373
List the prime factors of 263491794.
2, 3, 14638433
What are the prime factors of 8616376?
2, 1077047
List the prime factors of 98710296.
2, 3, 17, 23, 67, 157
List the prime factors of 7037403295.
5, 13, 47, 2303569
List the prime factors of 19956620.
2, 5, 53, 67, 281
What are the prime factors of 7707524861?
151, 4679, 10909
What are the prime factors of 279903224?
2, 37, 83, 11393
What are the prime factors of 94811310?
2, 3, 5, 11, 3547
List the prime factors of 907607817.
3, 37, 1279, 2131
What are the prime factors of 381480621?
3, 4273, 29759
List the prime factors of 676278791.
676278791
What are the prime factors of 382162778?
2, 211, 905599
List the prime factors of 888543368.
2, 111067921
List the prime factors of 868074659.
868074659
What are the prime factors of 1281181090?
2, 5, 7, 449, 40763
What are the prime factors of 2312506048?
2, 401, 90107
What are the prime factors of 348386357?
11, 1097, 28871
What are the prime factors of 278994393?
3, 23, 37, 73, 499
List the prime factors of 47870720.
2, 5, 149, 251
What are the prime factors of 747333756?
2, 3, 13, 23, 23143
What are the prime factors of 30623542?
2, 271, 56501
What are the prime factors of 3521056066?
2, 11, 307, 521329
List the prime factors of 261664638.
2, 3, 83, 525431
List the prime factors of 430671333.
3, 2699, 53189
What are the prime factors of 282311457?
3, 94103819
List the prime factors of 2245642786.
2, 433, 2593121
List the prime factors of 569213365.
5, 7, 37, 127, 3461
List the prime factors of 248978402.
2, 37, 3364573
What are the prime factors of 275520552?
2, 3, 2441, 4703
What are the prime factors of 162116256?
2, 3, 139, 12149
List the prime factors of 1192463387.
67, 17797961
What are the prime factors of 146977039?
11, 3547, 3767
What are the prime factors of 241134545?
5, 17, 619, 4583
What are the prime factors of 858432870?
2, 3, 5, 61, 52121
List the prime factors of 225416755.
5, 563, 80077
What are the prime factors of 56054784?
2, 3, 71, 257
What are the prime factors of 23324030?
2, 5, 2332403
List the prime factors of 553249025.
5, 7, 131, 24133
What are the prime factors of 1016568584?
2, 17, 59, 126691
List the prime factors of 75064387.
23, 359, 9091
What are the prime factors of 123401494?
2, 61700747
What are the prime factors of 2452365?
3, 5, 54497
List the prime factors of 141216278.
2, 7, 773, 13049
List the prime factors of 92453064.
2, 3, 11, 61, 5741
What are the prime factors of 382155893?
7, 2713, 20123
What are the prime factors of 392361826?
2, 2539, 77267
List the prime factors of 1345648823.
41, 32820703
List the prime factors of 115992946.
2, 67, 865619
What are the prime factors of 61059088?
2, 31, 257, 479
What are the prime factors of 207485668?
2, 13, 23, 173483
List the prime factors of 567232619.
567232619
What are the prime factors of 889206054?
2, 3, 11, 743, 18133
List the prime factors of 436237415.
5, 73, 1195171
What are the prime factors of 31430100?
2, 3, 5, 13, 8059
What are the prime factors of 266620043?
193, 1381451
List the prime factors of 1645927560.
2, 3, 5, 1524007
What are the prime factors of 413255531?
13, 67, 36497
What are the prime factors of 100995109?
100995109
What are the prime factors of 1744796843?
503, 3468781
What are the prime factors of 74741249?
11, 229, 29671
What are the prime factors of 21706311?
3, 11, 59797
List the prime factors of 432739619.
13, 1021, 32603
List the prime factors of 1129794781.
3709, 304609
What are the prime factors of 1076412?
2, 3, 271, 331
What are the prime factors of 1627937768?
2, 203492221
What are the prime factors of 1304886763?
2767, 471589
What are the prime factors of 10322952?
2, 3, 23, 18701
What are the prime factors of 291380375?
5, 11, 13, 16301
What are the prime factors of 170546528?
2, 349, 15271
What are the prime factors of 101848115?
5, 20369623
List the prime factors of 61378215.
3, 5, 103, 39727
What are the prime factors of 289633867?
467, 620201
What are the prime factors of 75514226?
2, 67, 653, 863
What are the prime factors of 85559613?
3, 4421, 6451
List the prime factors of 35070125.
5, 280561
What are the prime factors of 79950417?
3, 26650139
What are the prime factors of 230934137?
7, 17, 83, 103, 227
What are the prime factors of 1022961122?
2, 511480561
List the prime factors of 150174585.
3, 5, 11, 71, 4273
List the prime factors of 63362211.
3, 11, 131, 14657
List the prime factors of 3373334395.
5, 17, 39686287
What are the prime factors of 38563248?
2, 3, 563, 1427
What are the prime factors of 368513960?
2, 5, 9212849
What are the prime factors of 104303550?
2, 3, 5, 13, 89, 601
List the prime factors of 584818442.
2, 13, 19, 1183843
What are the prime factors of 1281140947?
37, 173, 233, 859
What are the prime factors of 17809980?
2, 3, 5, 296833
List the prime factors of 924008720.
2, 5, 47, 245747
What are the prime factors of 88926505?
5, 17785301
List the prime factors of 195341387.
743, 262909
What are the prime factors of 27556100?
2, 5, 11, 13, 41, 47
What are the prime factors of 14079538?
2, 11, 79, 8101
What are the prime factors of 244148486?
2, 701, 174143
What are the prime factors of 84209424?
2, 3, 13, 134951
What are the prime factors of 1237151583?
3, 67, 683887
List the prime factors of 30961558.
2, 15480779
List the prime factors of 5699864045.
5, 97, 11752297
List the prime factors of 57818091.
3, 2843, 6779
What are the prime factors of 3293636?
2, 269, 3061
List the prime factors of 404717187.
3, 7, 19272247
What are the prime factors of 304717474?
2, 67, 2274011
What are the prime factors of 404539762?
2, 11, 139, 263, 503
List the prime factors of 1595716382.
2, 13, 31, 643, 3079
What are the prime factors of 34366804?
2, 43, 199807
What are the prime factors of 87064623?
3, 9673847
List the prime factors of 165629707.
19, 8717353
List the prime factors of 32388820.
2, 5, 647, 2503
List the prime factors of 66383700.
2, 3, 5, 79, 2801
List the prime factors of 4042446883.
56249, 71867
List the prime factors of 12678860.
2, 5, 633943
What are the prime factors of 645776288?
2, 20180509
List the prime factors of 786830518.
2, 4253, 92503
What are the prime factors of 501804446?
2, 11, 13, 1754561
What are the prime factors of 8739839959?
3517, 2485027
What are the prime factors of 310471705?
5, 62094341
What are the prime factors of 36898825?
5, 1475953
What are the prime factors of 1830135181?
7, 37, 97, 751
List the prime factors of 2385503100.
2, 3, 5, 2650559
List the prime factors of 45778202.
2, 22889101
What are the prime factors of 300363391?
73, 193, 21319
List the prime factors of 786488390.
2, 5, 78648839
List the prime factors of 542051882.
2, 53, 277, 18461
What are the prime factors of 149739946?
2, 53, 1412641
List the prime factors of 226146697.
7, 83, 103, 3779
List the prime factors of 167063246.
2, 7, 1704727
List the prime factors of 616812246.
2, 3, 1031, 1231
List the prime factors of 208455610.
2, 5, 11, 1895051
What are the prime factors of 33332987?
33332987
What are the prime factors of 1295705413?
29, 2749, 16253
List the prime factors of 1174507064.
2, 47, 3123689
What are the prime factors of 63498304?
2, 19, 79, 661
What are the prime factors of 108685577?
7, 11, 13, 15511
What are the prime factors of 1394846833?
191, 1061, 6883
What are the prime factors of 607618673?
127, 1013, 4723
List the prime factors of 2376812299.
179, 3557, 3733
What are the prime factors of 87199828?
2, 1499, 14543
List the prime factors of 1834146426.
2, 3, 7, 43670153
List the prime factors of 1048628605.
5, 209725721
What are the prime factors of 276360367?
193, 1431919
List the prime factors of 582261547.
7, 83180221
What are the prime factors of 543410926?
2, 23, 11813281
What are the prime factors of 130035493?
7, 18576499
What are the prime factors of 200594398?
2, 43, 107, 21799
What are the prime factors of 308959880?
2, 5, 7723997
List the prime factors of 483922427.
97, 4988891
What are the prime factors of 35869652?
2, 7, 13,